{"id":5592,"date":"2021-09-23T10:02:42","date_gmt":"2021-09-23T08:02:42","guid":{"rendered":"http:\/\/muzeum.brzozow.pl\/?page_id=5592"},"modified":"2021-09-23T17:59:55","modified_gmt":"2021-09-23T15:59:55","slug":"audioteka","status":"publish","type":"page","link":"http:\/\/muzeum.brzozow.pl\/?page_id=5592","title":{"rendered":""},"content":{"rendered":"\n<div class=\"wp-block-media-text alignwide is-stacked-on-mobile\" style=\"grid-template-columns:31% auto\"><figure class=\"wp-block-media-text__media\"><img loading=\"lazy\" width=\"665\" height=\"1024\" src=\"https:\/\/muzeum.brzozow.pl\/wp-content\/uploads\/2021\/09\/Triolka-ok.1942..-1-665x1024.jpg\" alt=\"\" class=\"wp-image-5594 size-full\" srcset=\"http:\/\/muzeum.brzozow.pl\/wp-content\/uploads\/2021\/09\/Triolka-ok.1942..-1-665x1024.jpg 665w, http:\/\/muzeum.brzozow.pl\/wp-content\/uploads\/2021\/09\/Triolka-ok.1942..-1-195x300.jpg 195w, http:\/\/muzeum.brzozow.pl\/wp-content\/uploads\/2021\/09\/Triolka-ok.1942..-1-768x1182.jpg 768w, http:\/\/muzeum.brzozow.pl\/wp-content\/uploads\/2021\/09\/Triolka-ok.1942..-1-998x1536.jpg 998w, http:\/\/muzeum.brzozow.pl\/wp-content\/uploads\/2021\/09\/Triolka-ok.1942..-1-1331x2048.jpg 1331w, http:\/\/muzeum.brzozow.pl\/wp-content\/uploads\/2021\/09\/Triolka-ok.1942..-1-scaled.jpg 1663w\" sizes=\"(max-width: 665px) 100vw, 665px\" \/><\/figure><div class=\"wp-block-media-text__content\">\n<p class=\"has-huge-font-size\"><span class=\"has-inline-color has-dark-gray-color\"><strong>Trio &#8222;TRIOLKA&#8221;<\/strong><\/span><\/p>\n\n\n\n<p class=\"has-normal-font-size\">W latach okupacji i do roku 1946 dzia\u0142a\u0142o w Brzozowie, obok innych, trio wokalno-instrumentalne w sk\u0142adzie: <br>Zygmunt Wasylewicz &#8211; gitara i \u015bpiew, <br>J\u00f3zef Zalot &#8211; \u015bpiew,<br>Stanis\u0142aw Bry\u015b &#8211; \u015bpiew. <br>W latach 70-tych cz\u0142onkowie zespo\u0142u zjechali si\u0119 <br>w Brzozowie i w warunkach amatorskich nagrali szereg swoich dawnych piosenek, z kt\u00f3rych kilka prezentujemy.<\/p>\n<\/div><\/div>\n\n\n\n<p>Dzi\u0119ki uprzejmo\u015bci syna Zygmunta Wasylewicza, zbiory Muzeum Regionalnego im. Adama Fastnachta w Brzozowie wzbogaci\u0142y si\u0119 o unikatowe nagrania tria &#8222;Triolka&#8221;. S\u0105 to dzie\u0142a mniej znane, cho\u0107 niemniej przez to warto\u015bciowe.<br>Te wyj\u0105tkowe rejestracje, kt\u00f3rych pr\u00f3\u017cno szuka\u0107 w sprzeda\u017cy, s\u0105 nie tylko &#8222;Z\u0142otym Gralem&#8221; dla mi\u0142o\u015bnik\u00f3w muzyki kameralnej, ale stanowi\u0105 przede wszystkim element naszej rodzimej kultury. <br><\/p>\n\n\n\n<p><\/p>\n\n\n\n<figure class=\"wp-block-audio aligncenter\"><audio controls src=\"https:\/\/muzeum.brzozow.pl\/wp-content\/uploads\/2021\/09\/8AnyConv.com__8-Zasnij-blogo.mp3\"><\/audio><\/figure>\n\n\n\n<figure class=\"wp-block-audio aligncenter\"><audio controls src=\"https:\/\/muzeum.brzozow.pl\/wp-content\/uploads\/2021\/09\/9AnyConv.com__9-Zgoda.mp3\"><\/audio><\/figure>\n\n\n\n<figure class=\"wp-block-audio\"><audio controls src=\"https:\/\/muzeum.brzozow.pl\/wp-content\/uploads\/2021\/09\/7AnyConv.com__7-Da-da-da.mp3\"><\/audio><\/figure>\n\n\n\n<figure class=\"wp-block-audio\"><audio controls src=\"https:\/\/muzeum.brzozow.pl\/wp-content\/uploads\/2021\/09\/6AnyConv.com__6-Co-tam-Marys.mp3\"><\/audio><\/figure>\n\n\n\n<figure class=\"wp-block-audio\"><audio controls src=\"https:\/\/muzeum.brzozow.pl\/wp-content\/uploads\/2021\/09\/5AnyConv.com__5-Wieczory-pachna-juz-bzami.mp3\"><\/audio><\/figure>\n\n\n\n<figure class=\"wp-block-audio\"><audio controls src=\"https:\/\/muzeum.brzozow.pl\/wp-content\/uploads\/2021\/09\/4AnyConv.com__4-Tony-tanga.mp3\"><\/audio><\/figure>\n\n\n\n<figure class=\"wp-block-audio\"><audio controls src=\"https:\/\/muzeum.brzozow.pl\/wp-content\/uploads\/2021\/09\/3AnyConv.com__3-W-cichy-wieczor-w-noc-majowa.mp3\"><\/audio><\/figure>\n\n\n\n<figure class=\"wp-block-audio\"><audio controls src=\"https:\/\/muzeum.brzozow.pl\/wp-content\/uploads\/2021\/09\/2AnyConv.com__2-Hej-te-gory.mp3\"><\/audio><\/figure>\n\n\n\n<figure class=\"wp-block-audio\"><audio controls src=\"https:\/\/muzeum.brzozow.pl\/wp-content\/uploads\/2021\/09\/1AnyConv.com__1-Wiatr-hula-za-oknami.mp3\"><\/audio><\/figure>\n\n\n\n<figure class=\"wp-block-audio\"><audio controls src=\"https:\/\/muzeum.brzozow.pl\/wp-content\/uploads\/2021\/09\/0AnyConv.com__0-Cicho-plynie-piosenka.mp3\"><\/audio><\/figure>\n","protected":false},"excerpt":{"rendered":"<p>Trio &#8222;TRIOLKA&#8221; W latach okupacji<\/p>\n","protected":false},"author":1,"featured_media":5595,"parent":0,"menu_order":0,"comment_status":"closed","ping_status":"closed","template":"","meta":{"ngg_post_thumbnail":0},"_links":{"self":[{"href":"http:\/\/muzeum.brzozow.pl\/index.php?rest_route=\/wp\/v2\/pages\/5592"}],"collection":[{"href":"http:\/\/muzeum.brzozow.pl\/index.php?rest_route=\/wp\/v2\/pages"}],"about":[{"href":"http:\/\/muzeum.brzozow.pl\/index.php?rest_route=\/wp\/v2\/types\/page"}],"author":[{"embeddable":true,"href":"http:\/\/muzeum.brzozow.pl\/index.php?rest_route=\/wp\/v2\/users\/1"}],"replies":[{"embeddable":true,"href":"http:\/\/muzeum.brzozow.pl\/index.php?rest_route=%2Fwp%2Fv2%2Fcomments&post=5592"}],"version-history":[{"count":8,"href":"http:\/\/muzeum.brzozow.pl\/index.php?rest_route=\/wp\/v2\/pages\/5592\/revisions"}],"predecessor-version":[{"id":5623,"href":"http:\/\/muzeum.brzozow.pl\/index.php?rest_route=\/wp\/v2\/pages\/5592\/revisions\/5623"}],"wp:featuredmedia":[{"embeddable":true,"href":"http:\/\/muzeum.brzozow.pl\/index.php?rest_route=\/wp\/v2\/media\/5595"}],"wp:attachment":[{"href":"http:\/\/muzeum.brzozow.pl\/index.php?rest_route=%2Fwp%2Fv2%2Fmedia&parent=5592"}],"curies":[{"name":"wp","href":"https:\/\/api.w.org\/{rel}","templated":true}]}}