{"id":1494,"date":"2018-06-08T15:13:01","date_gmt":"2018-06-08T13:13:01","guid":{"rendered":"http:\/\/www.muzeum.brzozow.pl\/?page_id=1494"},"modified":"2021-01-27T14:23:59","modified_gmt":"2021-01-27T13:23:59","slug":"ochrona-danych-osobowych","status":"publish","type":"page","link":"http:\/\/muzeum.brzozow.pl\/?page_id=1494","title":{"rendered":"Ochrona danych osobowych"},"content":{"rendered":"<p class=\"Domylnie\" style=\"text-align: center;\" align=\"center\"><span style=\"font-size: 14pt;\"><b><span style=\"line-height: 115%;\">Klauzule informacyjne<\/span><\/b><\/span><\/p>\n<p class=\"Domylnie\" style=\"text-align: justify;\"><span style=\"font-size: 14pt;\"><b><span style=\"line-height: 115%;\">Szanowni Pa\u0144stwo,<\/span><\/b><\/span><\/p>\n<p class=\"Domylnie\" style=\"text-align: justify; text-justify: inter-ideograph;\"><span style=\"font-size: 14pt;\">zgodnie z obowi\u0105zuj\u0105cymi przepisami dotycz\u0105cymi ochrony danych osobowych, w szczeg\u00f3lno\u015bci <\/span><span style=\"font-size: 14pt;\">z art. 13 ust. 1 i 2 rozporz\u0105dzenia Parlamentu Europejskiego i Rady (UE) 2016\/679 z dnia <\/span><span style=\"font-size: 14pt;\">27 kwietnia 2016 r. w sprawie ochrony os\u00f3b fizycznych w zwi\u0105zku z przetwarzaniem danych osobowych i w sprawie swobodnego przep\u0142ywu takich danych oraz uchylenie dyrektywy 95\/46\/WE (Dz.Urz.UE. L.2016.119.1), dalej RODO &#8211; informujemy Pa\u0144stwa, \u017ce:<\/span><\/p>\n<p class=\"Domylnie\" style=\"text-align: justify; text-justify: inter-ideograph;\"><span style=\"font-size: 14pt;\">1. Administratorem Pa\u0144stwa danych osobowych jest Muzeum Regionalne im. Adama Fastnachta <\/span><span style=\"font-size: 14pt;\">w Brzozowie z siedzib\u0105 przy ul. Rynek 10, 36-200 Brzoz\u00f3w.<\/span><\/p>\n<p class=\"Domylnie\" style=\"text-align: justify; text-justify: inter-ideograph;\"><span style=\"font-size: 14pt;\">2. Z inspektorem ochrony danych mo\u017cna kontaktowa\u0107 si\u0119 pisz\u0105c na adres administratora jak powy\u017cej lub na adres e-mail: <span class=\"czeinternetowe\">wiadbrzoz@pro.onet.pl<\/span><\/span><\/p>\n<p class=\"Domylnie\" style=\"text-align: justify; text-justify: inter-ideograph;\"><span style=\"font-size: 14pt;\">3. Podane przez Pa\u0144stwa dane osobowe przetwarzane b\u0119d\u0105 w celu realizacji ustawowych zada\u0144 muzeum i nie b\u0119d\u0105 udost\u0119pniane podmiotom innym, ni\u017c uprawnione na podstawie przepis\u00f3w prawa.<\/span><\/p>\n<p class=\"Domylnie\" style=\"text-align: justify; text-justify: inter-ideograph;\"><span style=\"font-size: 14pt;\">4. Pa\u0144stwa dane osobowe b\u0119d\u0105 przechowywane przez okres realizacji um\u00f3w oraz okres wynikaj\u0105cy z przepis\u00f3w o archiwizacji.<\/span><\/p>\n<p class=\"Domylnie\" style=\"text-align: justify; text-justify: inter-ideograph;\"><span style=\"font-size: 14pt;\">5. W zwi\u0105zku z przetwarzaniem Pa\u0144stwa danych osobowych przys\u0142uguje Pa\u0144stwu prawo dost\u0119pu do tre\u015bci swoich danych, do ich sprostowania, usuni\u0119cia, ograniczenia ich przetwarzania <\/span><span style=\"font-size: 14pt;\">i przenoszenia, a tak\u017ce prawo do wniesienia sprzeciwu, oraz inne uprawnienia w tym zakresie wynikaj\u0105ce z obowi\u0105zuj\u0105cych przepis\u00f3w prawa.<\/span><\/p>\n<p class=\"Domylnie\" style=\"text-align: justify; text-justify: inter-ideograph;\"><span style=\"font-size: 14pt;\">6. W przypadku, gdy przetwarzanie danych osobowych odbywa si\u0119 na podstawie art. 6 ust. 1 lit. a Rozporz\u0105dzenia, czyli zgody na przetwarzanie danych osobowych, przys\u0142uguje Pa\u0144stwu prawo do cofni\u0119cia tej zgody w dowolnym momencie, bez wp\u0142ywu na zgodno\u015b\u0107 przetwarzania, kt\u00f3rego dokonano przed jej cofni\u0119ciem, zgodnie z obowi\u0105zuj\u0105cym prawem.<\/span><\/p>\n<p class=\"Domylnie\" style=\"text-align: justify; text-justify: inter-ideograph;\"><span style=\"font-size: 14pt;\">7. W przypadku powzi\u0119cia informacji o niezgodnym z prawem przetwarzaniu danych osobowych <\/span><span style=\"font-size: 14pt;\">w Muzeum Regionalnym im. Adama Fastnachta przys\u0142uguje Pa\u0144stwu prawo wniesienia skargi do organu nadzorczego: Prezesa Urz\u0119du Ochrony Danych Osobowych.<\/span><\/p>\n<p class=\"Domylnie\" style=\"text-align: justify; text-justify: inter-ideograph;\"><span style=\"font-size: 14pt;\">8. Podane przez Pa\u0144stwa dane nie b\u0119d\u0105 podlega\u0142y profilowaniu.<\/span><\/p>\n<p>&nbsp;<\/p>\n<p style=\"text-align: center;\"><span style=\"font-size: 14pt;\"><strong>Klauzula informacyjna dla czytelnik\u00f3w biblioteki muzealnej<\/strong><\/span><\/p>\n<p style=\"text-align: justify;\"><span style=\"font-size: 14pt;\">Zgodnie z art. 13 ust. 1 i 2 og\u00f3lnego rozporz\u0105dzenia o ochronie danych osobowych z dnia 27 kwietnia 2016 r., informuj\u0119, i\u017c:<\/span><\/p>\n<p style=\"text-align: justify;\"><span style=\"font-size: 14pt;\">1. Administratorem danych czytelnik\u00f3w jest Muzeum Regionalne im. Adama Fastnachta w Brzozowie, e-mail: wiadbrzoz@pro.onet.pl<\/span><\/p>\n<p style=\"text-align: justify;\"><span style=\"font-size: 14pt;\">2. Dane b\u0119d\u0105 przetwarzane w celu ochrony udost\u0119pnianych i wypo\u017cyczanych zbior\u00f3w, dochodzenia ewentualnych roszcze\u0144 oraz prowadzenia statystyki bibliotecznej.<\/span><\/p>\n<p style=\"text-align: justify;\"><span style=\"font-size: 14pt;\">3. Dane b\u0119d\u0105 przechowywane przez okres nie d\u0142u\u017cszy, ni\u017c jest to niezb\u0119dne do cel\u00f3w statystycznych, dla kt\u00f3rego s\u0105 przetwarzane. W przypadku braku aktywno\u015bci na koncie czytelnika d\u0142u\u017cszym jak 5 lat, dane zostan\u0105 usuni\u0119te z systemu.<\/span><\/p>\n<p style=\"text-align: justify;\"><span style=\"font-size: 14pt;\">4. Czytelnik ma prawo dost\u0119pu do swoich danych osobowych, ich sprostowania, usuni\u0119cia lub ograniczenia przetwarzania.<\/span><\/p>\n<p style=\"text-align: justify;\"><span style=\"font-size: 14pt;\">5. Czytelnik ma prawo do wniesienia sprzeciwu wobec dalszego przetwarzania, a w przypadku wyra\u017cenia zgody na przetwarzanie danych do jej wycofania. Skorzystanie z prawa cofni\u0119cia zgody nie ma wp\u0142ywu na przetwarzanie, kt\u00f3re mia\u0142o miejsce do momentu wycofania zgody.<\/span><\/p>\n<p style=\"text-align: justify;\"><span style=\"font-size: 14pt;\">6. Czytelnikowi przys\u0142uguje prawo do wniesienia skargi do organu nadzorczego \u2013 Urz\u0119du Ochrony Danych Osobowych<\/span><\/p>\n<p style=\"text-align: justify;\"><span style=\"font-size: 14pt;\">7. Dane udost\u0119pniane przez czytelnika nie b\u0119d\u0105 podlega\u0142y udost\u0119pnieniu podmiotom trzecim.<\/span><\/p>\n<p style=\"text-align: justify;\"><span style=\"font-size: 14pt;\">8. Dane udost\u0119pniane przez czytelnika nie b\u0119d\u0105 podlega\u0142y profilowaniu.<\/span><\/p>\n","protected":false},"excerpt":{"rendered":"<p>Klauzule informacyjne Szanowni Pa\u0144stwo, zgodnie<\/p>\n","protected":false},"author":1,"featured_media":0,"parent":7,"menu_order":0,"comment_status":"closed","ping_status":"closed","template":"","meta":{"ngg_post_thumbnail":0},"_links":{"self":[{"href":"http:\/\/muzeum.brzozow.pl\/index.php?rest_route=\/wp\/v2\/pages\/1494"}],"collection":[{"href":"http:\/\/muzeum.brzozow.pl\/index.php?rest_route=\/wp\/v2\/pages"}],"about":[{"href":"http:\/\/muzeum.brzozow.pl\/index.php?rest_route=\/wp\/v2\/types\/page"}],"author":[{"embeddable":true,"href":"http:\/\/muzeum.brzozow.pl\/index.php?rest_route=\/wp\/v2\/users\/1"}],"replies":[{"embeddable":true,"href":"http:\/\/muzeum.brzozow.pl\/index.php?rest_route=%2Fwp%2Fv2%2Fcomments&post=1494"}],"version-history":[{"count":1,"href":"http:\/\/muzeum.brzozow.pl\/index.php?rest_route=\/wp\/v2\/pages\/1494\/revisions"}],"predecessor-version":[{"id":3915,"href":"http:\/\/muzeum.brzozow.pl\/index.php?rest_route=\/wp\/v2\/pages\/1494\/revisions\/3915"}],"up":[{"embeddable":true,"href":"http:\/\/muzeum.brzozow.pl\/index.php?rest_route=\/wp\/v2\/pages\/7"}],"wp:attachment":[{"href":"http:\/\/muzeum.brzozow.pl\/index.php?rest_route=%2Fwp%2Fv2%2Fmedia&parent=1494"}],"curies":[{"name":"wp","href":"https:\/\/api.w.org\/{rel}","templated":true}]}}